y). Let o be 3/(-5) - 1640/(-25). What is the greatest common factor of o and u?
13
Suppose -4*z = -663 - 293. Let l = z + -139. What is the highest common divisor of l and 40?
20
Suppose -4*h = -2*d + 154, 0 = -2*d - h - 2*h + 154. What is the greatest common factor of d and 11?
11
Let h = 9 + -4. Let j be 288/(h/((-40)/(-12))). Calculate the highest common factor of j and 24.
24
Let t(g) = -2*g - 7. Let x be t(-5). Let h be (120/18)/(2/x). What is the greatest common factor of 10 and h?
10
Let n = 2 - -8. Suppose -5*o + n = -5. Suppose -o*h + 42 + 6 = 0. What is the greatest common divisor of h and 4?
4
Let m = 19 + -13. Suppose -3*u + m*u - 69 = 0. What is the greatest common divisor of u and 161?
23
Let t(v) = 7*v**2 + v - 2. Let a be t(-2). Suppose -2*y - 8 + a = 0. What is the greatest common divisor of y and 16?
8
Suppose 0*w + 4*q - 10 = -2*w, -12 = -3*q. Let z be (-1 - w - -1)*1. Let a = 139 - 124. What is the greatest common divisor of z and a?
3
Suppose 2*v - 5*l = 45, 6*v - v + 5*l = 25. Calculate the greatest common divisor of 50 and v.
10
Suppose 4*m = -4*n - m + 3, -3*m - 1 = n. Let l be 10*n*(-11 - -12). What is the greatest common factor of 50 and l?
10
Let u be (2 - 0)*(3 + 26)/1. What is the greatest common factor of 29 and u?
29
Let g(r) = 49*r**2 + 4*r - 3. Let m be g(1). Calculate the greatest common factor of 75 and m.
25
Suppose 2 = -2*d + 3*d. Calculate the highest common factor of 18 and d.
2
Let d be 8/4 - (-91 - (-1 + -1)). Suppose 35 = 5*w + 10. Suppose -4*s + 81 = 5*q, 0 = -w*q + s - 12 + 73. Calculate the highest common factor of q and d.
13
Suppose -5*m = -2*m - 1023. Suppose 3*x - 235 = m. What is the greatest common factor of 24 and x?
24
Let h(m) = -22 + 2*m + 2*m + 24 + 5*m**2. Suppose -3*d - 26 = 5*o, 3*o = -d - 2*o - 22. Let v be h(d). What is the greatest common divisor of v and 126?
14
Let o = -81 + 114. What is the greatest common factor of 264 and o?
33
Let v(l) = -l + 18. Let z be v(0). Suppose 3*u = -n + 3*n - 22, 0 = 5*u + 2*n + 26. Let f be u*(1/2 - 2). What is the highest common divisor of f and z?
9
Let y(r) = r**2 + 6*r + 8. Let c be y(-6). Let d(h) = 7*h**2 + h - 2. Let z be d(3). What is the greatest common factor of z and c?
8
Let i be ((-47)/2 + (6 - 5))*-10. What is the highest common divisor of 45 and i?
45
Suppose 3*c - 97 = -7. What is the highest common divisor of 75 and c?
15
Suppose -8*k + 6*k = -4. Let z = k + 2. Suppose 11 = w - 5. Calculate the highest common divisor of z and w.
4
Let g(d) = -d**3 + 4*d**2 + 5*d + 2. Let h be g(5). Suppose -7*k + h*k = -135. Let j be (1 + 3)/(16/72). Calculate the greatest common divisor of k and j.
9
Let f = -167 - -332. Suppose 5*b = v - 30, 5*v + 5*b = 3*b + 69. What is the greatest common divisor of v and f?
15
Let o be (-15)/5 + ((-102)/(-2) - 3). Calculate the highest common divisor of 45 and o.
45
Suppose -3*n = -0*n. Suppose -k - 2*k + 21 = n. Calculate the greatest common divisor of 14 and k.
7
Suppose 0 = -3*r + 120 + 69. Calculate the highest common factor of r and 9.
9
Suppose 3*l = -2*c + 97, -3*l + 265 = 5*c - 0*l. What is the greatest common factor of c and 140?
28
Let w = 4 - 0. Suppose -k - 17 = -2*d + 53, -w*k = d - 26. Let q(h) = -14*h - 5. Let i be q(-4). Calculate the greatest common factor of d and i.
17
Suppose -260 = -3*j - 2*y + 6*y, 3*y = -2*j + 162. Calculate the highest common factor of j and 56.
28
Let r be ((-1)/2*0)/1. Let d = 2 - r. Suppose -8 = -3*i - 2*y + 6, d*y + 2 = i. Calculate the highest common divisor of i and 44.
4
Let h be 2*(1 - 0)/1. Let c = 15 + -11. Suppose 0 = -0*p - c*p + 16. Calculate the greatest common factor of p and h.
2
Let v = 99 - 52. Suppose g = -j, 0 = 4*g - 0*g + 2*j - 4. Suppose 0 = -b - 5*l + v, -5*l - g = -3*l. Calculate the greatest common divisor of 13 and b.
13
Let d = 79 - 52. Calculate the highest common divisor of d and 297.
27
Let z = 57 + -55. Calculate the greatest common divisor of 34 and z.
2
Let y(z) = -z - 1. Let i(p) = 16. Let c(w) = -i(w) + 2*y(w). Let h be c(-15). Calculate the highest common divisor of h and 12.
12
Let n(z) = -2*z**2 - 11*z + 3. Let w be n(-6). Let r be (-50)/w + 8/(-12). Calculate the highest common factor of 48 and r.
16
Let r = -40 + 64. Suppose -25*n + 66 = -14*n. What is the greatest common factor of n and r?
6
Let d = 42 + -29. Suppose 0 = 2*q - d - 5. Calculate the highest common divisor of q and 9.
9
Let r = 329 - 208. Calculate the highest common factor of r and 22.
11
Let o(p) = 2*p**2 - 4 - 9*p - p**2 + 3*p + 6. Let x be o(6). Suppose -x*y + 2 = -4. Calculate the greatest common factor of 3 and y.
3
Let s = -9 - -14. Let l = s - 11. Let q be ((-21)/l - 3)*42. Calculate the highest common divisor of 231 and q.
21
Let w(j) = -j**2 + 6. Let s(l) = -2*l**2 - l + 11. Let n(m) = 2*s(m) - 5*w(m). Let k be n(6). Calculate the highest common divisor of 40 and k.
8
Let c be -2*(-2)/4*21. Suppose -4*u + 154 = -266. What is the greatest common divisor of c and u?
21
Let z(h) = h**3 + 5*h**2 - 2*h - 5. Let y be z(-5). Suppose 7 = 4*b + 3*m, -3*m + m = y*b - 14. Calculate the highest common factor of b and 12.
4
Suppose 0 = 5*b - 8 - 27. Let p = 76 - 48. Let m be (-2)/((16/p)/(-2)). What is the greatest common factor of m and b?
7
Let v = 26 - 20. Calculate the greatest common factor of 60 and v.
6
Suppose 5*y - o = 801, 2*o = 3*y - 247 - 235. Calculate the highest common divisor of y and 64.
32
Let i be ((-42)/35)/((-6)/140). Calculate the highest common divisor of i and 196.
28
Suppose 0 = -l + 2*o + 27, 5*o = l - 4*l + 48. What is the greatest common divisor of 231 and l?
21
Suppose 0 = -n - 2*x + 3 + 1, -1 = -x. What is the highest common factor of n and 1?
1
Let i = 85 - 84. Calculate the greatest common divisor of i and 1.
1
Suppose 0 = 6*o - 2*o + 24. Let g = o + 15. Calculate the greatest common factor of g and 18.
9
Let d = 85 - -68. Calculate the greatest common divisor of d and 17.
17
Suppose -v - 3*t = -14, -v + 4 + 2 = 5*t. Let i = -115 - -245. What is the highest common divisor of i and v?
26
Suppose -y + 2*p - 2 + 11 = 0, 4*y = 5*p + 27. Suppose i = y*i. Let l be (1 + i)*-2 + 42. Calculate the greatest common factor of l and 8.
8
Let l be (0 + 1)/(5*(-4)/(-100)). What is the greatest common factor of l and 55?
5
Let o be (-10)/4*8/(-10). Suppose -7 = -g - k, -2*k + k = -o. Suppose 0*j = -j + 35. What is the greatest common factor of g and j?
5
Suppose 0 = 4*b - 4*w - 288, -b + 64 = 3*w - 6*w. Suppose 0*y + 252 = 3*y + 3*i, 0 = -y + i + b. What is the greatest common factor of y and 32?
16
Suppose -3*a = 41 - 122. What is the greatest common factor of a and 9?
9
Let r = 1 + 1. Suppose 0 = 4*f + 12, -2*c + f + 14 = -f. Suppose -4*d = c*q - 4, q + 16 = 4*d - q. What is the highest common divisor of r and d?
1
Suppose 3*m + 0 = 9. Suppose -4*q = -5*g + 19, 0*g - 7 = -4*g - 5*q. Let i be 1/m + 269/g. Calculate the greatest common divisor of 15 and i.
15
Let s be (1 + 1 - -1)*1. Let t(u) = 16*u - 4. Let r be t(s). Calculate the highest common divisor of 11 and r.
11
Let m be 7 + (-1)/(-1) + 2. Let f(l) = -6*l**2 + 3*l - 2. Let p be f(2). Let o = p - -110. What is the highest common divisor of m and o?
10
Suppose -7*l = -4*l - 6. Suppose 0 = 4*r - l*h - 34, 2*h + 3 = -r - 1. Calculate the greatest common factor of r and 2.
2
Let c = -72 - -80. Calculate the highest common factor of 4 and c.
4
Let p be (-6)/(-9)*3*2. Suppose -4*q + 8 = -p. Suppose -q*d = -3*o + 57, 0 = -4*d - 4 - 4. What is the greatest common factor of o and 136?
17
Let d(s) = s - 4. Let t be d(6). Suppose t*v = -6 - 6. Let u be (v/4 + 1)*-36. Calculate the greatest common factor of 45 and u.
9
Suppose -3*m - 3 = -g - 18, -4*m = 5*g - 20. Suppose g = a + 2*a. Suppose -5*o = -a*o - 5. Calculate the greatest common divisor of o and 4.
1
Let a be (12/7)/(15/105). Calculate the highest common factor of a and 54.
6
Let j = -53 + 83. Suppose -3*r + 50 = 20. Calculate the greatest common divisor of j and r.
10
Let l(c) = -2 + 1 + c + 6 + 0 - c**2. Let h be l(4). Let f(v) = v**2 + 7*v + 10. Let t be f(h). What is the highest common divisor of 10 and t?
10
Suppose o = -15 + 39. Suppose -2 + o = 2*v. Calculate the highest common factor of v and 121.
11
Let b(r) = -r**2 + 13*r - 3. Let i